 is -4 (base 16) in base 4?
-10
-20 (base 13) to base 9
-28
What is -211 (base 4) in base 3?
-1101
Convert -68 (base 11) to base 13.
-59
Convert -10120 (base 3) to base 9.
-116
Convert 2 (base 4) to base 5.
2
-8 (base 14) to base 8
-10
Convert 35 (base 13) to base 4.
230
Convert -7 (base 12) to base 13.
-7
Convert 20 (base 6) to base 13.
c
What is -374 (base 9) in base 7?
-622
b (base 16) to base 9
12
Convert 7 (base 16) to base 8.
7
What is -20 (base 5) in base 4?
-22
What is -212 (base 4) in base 12?
-32
What is 39 (base 10) in base 12?
33
Convert -1304 (base 5) to base 4.
-3030
Convert -1 (base 16) to base 7.
-1
What is -3 (base 15) in base 3?
-10
Convert 2 (base 15) to base 8.
2
Convert -8 (base 15) to base 7.
-11
-111101 (base 2) to base 6
-141
0 (base 11) to base 12
0
What is 55 (base 13) in base 4?
1012
What is 4 (base 5) in base 4?
10
-8 (base 14) to base 11
-8
What is 0 (base 15) in base 16?
0
Convert -2 (base 5) to base 9.
-2
Convert -43 (base 16) to base 12.
-57
-5 (base 12) to base 16
-5
312 (base 4) to base 10
54
What is 0 (base 15) in base 16?
0
Convert -2 (base 14) to base 2.
-10
Convert 28 (base 10) to base 4.
130
Convert -69 (base 15) to base 8.
-143
60 (base 8) to base 12
40
What is -15 (base 6) in base 10?
-11
What is -3 (base 12) in base 10?
-3
-3 (base 14) to base 11
-3
Convert 75 (base 11) to base 8.
122
What is 42 (base 13) in base 15?
39
Convert -18 (base 9) to base 14.
-13
What is -187 (base 12) in base 7?
-502
23 (base 5) to base 3
111
Convert 11010111 (base 2) to base 5.
1330
Convert -b (base 13) to base 3.
-102
7 (base 15) to base 7
10
Convert -17 (base 15) to base 8.
-26
Convert 23 (base 10) to base 12.
1b
What is 0 (base 13) in base 12?
0
Convert -5 (base 8) to base 11.
-5
111001 (base 2) to base 3
2010
What is -32 (base 5) in base 10?
-17
What is 26 (base 7) in base 6?
32
What is 13 (base 5) in base 16?
8
What is 4d (base 14) in base 16?
45
Convert -1 (base 6) to base 7.
-1
3 (base 16) to base 12
3
Convert 3 (base 10) to base 6.
3
What is 65 (base 15) in base 9?
115
Convert -10 (base 3) to base 12.
-3
What is 26 (base 7) in base 9?
22
10 (base 10) to base 8
12
What is -3 (base 5) in base 16?
-3
What is -11 (base 11) in base 16?
-c
Convert -b (base 12) to base 8.
-13
-6 (base 7) to base 2
-110
-23 (base 9) to base 5
-41
Convert -c1 (base 14) to base 3.
-20021
Convert 2 (base 10) to base 6.
2
What is -14 (base 13) in base 16?
-11
316 (base 8) to base 13
12b
What is -33 (base 8) in base 9?
-30
0 (base 9) to base 10
0
What is -11101 (base 2) in base 12?
-25
-2 (base 16) to base 6
-2
What is 11010110 (base 2) in base 16?
d6
What is 117 (base 8) in base 14?
59
What is 214 (base 6) in base 5?
312
Convert 33 (base 8) to base 10.
27
Convert -122 (base 3) to base 6.
-25
11 (base 7) to base 6
12
What is -6 (base 9) in base 15?
-6
-115 (base 6) to base 15
-32
-32 (base 4) to base 2
-1110
What is -2 (base 13) in base 10?
-2
-50 (base 10) to base 6
-122
What is -20 (base 3) in base 10?
-6
Convert -2 (base 16) to base 14.
-2
Convert -12 (base 4) to base 12.
-6
What is -1a (base 11) in base 14?
-17
Convert -38 (base 13) to base 3.
-1202
What is 3 (base 5) in base 4?
3
-202 (base 9) to base 7
-323
-17 (base 14) to base 13
-18
-10 (base 4) to base 8
-4
What is -427 (base 8) in base 2?
-100010111
What is -282 (base 11) in base 4?
-11030
Convert -1 (base 5) to base 15.
-1
-3b (base 15) to base 16
-38
What is 1101 (base 3) in base 15?
27
17 (base 11) to base 7
24
Convert 1010111 (base 2) to base 16.
57
-5a (base 11) to base 6
-145
3 (base 14) to base 5
3
What is 351 (base 9) in base 11?
243
What is -a (base 14) in base 10?
-10
-10 (base 2) to base 14
-2
What is 34 (base 13) in base 11?
3a
Convert -3 (base 6) to base 13.
-3
What is 7 (base 9) in base 15?
7
What is -3 (base 6) in base 11?
-3
100 (base 2) to base 6
4
What is -a (base 14) in base 13?
-a
Convert -1 (base 5) to base 10.
-1
Convert 1 (base 16) to base 7.
1
Convert -356 (base 7) to base 3.
-20222
What is 3 (base 9) in base 10?
3
6 (base 16) to base 4
12
Convert 4 (base 11) to base 6.
4
What is 7 (base 16) in base 10?
7
What is -133 (base 6) in base 13?
-45
Convert 0 (base 16) to base 12.
0
Convert 22 (base 6) to base 7.
20
-212 (base 5) to base 7
-111
Convert -100011 (base 2) to base 9.
-38
2 (base 6) to base 13
2
What is 304 (base 5) in base 8?
117
Convert 8c (base 16) to base 11.
118
Convert -41 (base 8) to base 9.
-36
Convert 1 (base 10) to base 8.
1
What is 1c (base 13) in base 11?
23
Convert 1 (base 7) to base 5.
1
What is 39 (base 14) in base 10?
51
0 (base 8) to base 14
0
Convert 20 (base 16) to base 12.
28
Convert -111 (base 4) to base 9.
-23
-1 (base 10) to base 13
-1
-11210 (base 3) to base 13
-9c
What is -6 (base 14) in base 12?
-6
-11 (base 16) to base 3
-122
2022 (base 3) to base 6
142
5 (base 13) to base 2
101
Convert -233 (base 6) to base 4.
-1131
3 (base 6) to base 12
3
-10 (base 13) to base 6
-21
8 (base 16) to base 3
22
-14 (base 7) to base 2
-1011
-b (base 13) to base 16
-b
What is 215 (base 8) in base 10?
141
What is -25 (base 8) in base 15?
-16
-121 (base 3) to base 11
-15
What is -120 (base 14) in base 10?
-224
Convert 119 (base 11) to base 3.
12020
-17 (base 12) to base 10
-19
Convert b (base 12) to base 7.
14
0 (base 6) to base 13
0
What is 301 (base 4) in base 14?
37
Convert -20 (base 5) to base 3.
-101
3 (base 4) to base 15
3
Convert 1 (base 8) to base 7.
1
What is 4 (base 5) in base 3?
11
Convert 4 (base 15) to base 8.
4
What is -3 (base 14) in base 16?
-3
What is 22 (base 12) in base 13?
20
-34 (base 8) to base 3
-1001
Convert 2 (base 7) to base 9.
2
What is -8d (base 16) in base 13?
-ab
What is -12 (base 4) in base 9?
-6
What is 7 (base 13) in base 8?
7
-14 (base 5) to base 8
-11
Convert 2 (base 6) to base 7.
2
-6 (base 16) to base 9
-6
-4 (base 9) to base 15
-4
1043 (base 5) to base 13
b5
-10 (base 9) to base 7
-12
Convert -1001001 (base 2) to base 4.
-1021
Convert 11 (base 10) to base 11.
10
Convert 0 (base 9) to base 14.
0
-20 (base 7) to base 15
-e
Convert -11 (base 7) to base 3.
-22
What is -33 (base 11) in base 4?
-210
Convert 0 (base 4) to base 15.
0
Convert 1 (base 9) to base 11.
1
0 (base 8) to base 7
0
What is -1c (base 13) in base 10?
-25
-5 (base 7) to base 10
-5
4 (base 10) to base 14
4
5 (base 16) to base 9
5
Convert 223 (base 7) to base 15.
7a
89 (base 11) to base 16
61
-4 (base 15) to base 6
-4
Convert -32 (base 9) to base 8.
-35
Convert -9 (base 14) to base 15.
-9
What is -86 (base 9) in base 12?
-66
Convert -101 (base 2) to base 5.
-10
What is -110 (base 2) in base 5?
-11
What is -55 (base 6) in base 11?
-32
100010100 (base 2) to base 9
336
What is -4 (base 11) in base 6?
-4
Convert -ac (base 15) to base 11.
-138
What is -7a (base 12) in base 4?
-1132
141 (base 5) to base 3
1201
What is 3e (base 15) in base 6?
135
What is -210 (base 3) in base 15?
-16
Convert -18 (base 12) to base 16.
-14
What is -343 (base 5) in base 9?
-118
-7 (base 9) to base 10
-7
What is 1d (base 14) in base 8?
33
-11 (base 2) to base 15
-3
12 (base 10) to base 9
13
-171 (base 15) to base 9
-407
What is -11 (base 7) in base 15?
-8
Convert 3 (base 10) to base 11.
3
Convert 42 (base 16) to base 13.
51
Convert 1b6 (base 12) to base 2.
100011010
What is 1 (base 4) in base 15?
1
Convert 1321 (base 4) to base 5.
441
1205 (base 6) to base 12
205
-2 (base 16) to base 4
-2
What is -33 (base 8) in base 12?
-23
46 (base 13) to base 2
111010
What is -b (base 12) in base 15?
-b
-4 (base 6) to base 16
-4
What is -1 (base 11) in base 2?
-1
What is 10 (base 9) in base 16?
9
-10 (base 11) to base 8
-13
30 (base 15) to base 16
2d
What is 10 (base 4) in base 12?
4
d9 (base 14) to base 16
bf
What is -80 (base 12) in base 13?
-75
-4 (base 5) to base 14
-4
150 (base 9) to base 14
90
What is -16 (base 11) in base 14?
-13
Convert 3b (base 14) to base 10.
53
Convert 5 (base 8) to base 3.
12
What is -7 (base 13) in base 3?
-21
Convert 71 (base 15) to base 9.
127
Convert 1 (base 7) to base 14.
1
7 (base 15) to base 8
7
What is -18 (base 12) in base 7?
-26
Convert 206 (base 7) to base 5.
404
Convert 24 (base 8) to base 11.
19
What is 10001 (base 2) in base 3?
122
10 (base 3) to base 2
11
a (base 13) to base 10
10
Convert 10000 (base 2) to base 4.
100
2 (base 12) to base 3
2
Conve